*2 + 4*l - 15. List the prime factors of u(p).
2, 101
What are the prime factors of 246/(-984) + 50/8 + (-95782)/(-2)?
211, 227
Let k be (3065/15 - 3)*-3. Let h = k - -424. Let m = 35 - h. List the prime factors of m.
5, 43
Suppose -5*q = 3*g - 94765, g = -q + 27669 + 3920. List the prime factors of g.
2, 3, 5, 13
Suppose 0 = 5*x + 4*k - 123, -4*x - k - 4*k = -93. Suppose 4068 = -9*d + x*d. List the prime factors of d.
2, 113
Let r(x) = x**3 - 2*x**2 - 11*x - 14. Let p be r(5). Let f(o) = 44*o + 26. What are the prime factors of f(p)?
2, 5, 29
Suppose -228 = 2*v - 674. Let a = 44 + v. What are the prime factors of a?
3, 89
List the prime factors of 64961/13 + (4 - 4).
19, 263
What are the prime factors of 3/(((-1 + -1)*3)/(-14530))?
5, 1453
Let z be (0 + -3 + -1 + 4)/(-2). Let p(v) = -3*v - 215. Let h(y) = 2*y + 213. Let a(t) = -4*h(t) - 5*p(t). What are the prime factors of a(z)?
223
Let s(z) = -12*z**3 - 18*z**2 + 6*z + 15. Let r(c) = 13*c**3 + 21*c**2 - 7*c - 16. Let w(b) = 5*r(b) + 6*s(b). List the prime factors of w(-4).
2, 7, 29
Suppose -25*z - 5*z = -322860. What are the prime factors of z?
2, 5381
Let w be (-3 + (-8)/(-3))/((-2)/4818). Suppose b + w = 4*d - 2*b, 2*d - 4*b = 414. What are the prime factors of d?
197
Let p(j) = 79*j + 163. Let s be p(-13). Let i = s + 1470. What are the prime factors of i?
2, 3, 101
Let p(i) = 188*i + 581. List the prime factors of p(48).
5, 17, 113
Suppose l + 19334 = 2*s, 0 = 953*s - 951*s + 5*l - 19298. List the prime factors of s.
2, 151
What are the prime factors of ((-752232)/(-65))/12*5?
2, 2411
What are the prime factors of (3 - -1)/((2/798)/((-3363)/(-531)))?
2, 7, 19
List the prime factors of -8 + -3 + 34422 + -16.
3, 5, 2293
Let s = -1301 + 1853. Suppose -551*r = -s*r + 428. What are the prime factors of r?
2, 107
Let u(l) = 2*l + 54. Let d be u(-10). List the prime factors of (2/(-1))/(d/(-119)).
7
Let k = -20183 + 34595. What are the prime factors of k?
2, 3, 1201
Suppose 0 = -5*y + 8*y - 6. Suppose 8 - 2 = y*t. Suppose -n - t = 3*a + 3, -3*n - 4*a + 7 = 0. What are the prime factors of n?
3
Let l = -143 + 145. What are the prime factors of l - -4 - (-670)/2?
11, 31
Let a = -287 + 1763. List the prime factors of a.
2, 3, 41
Let w be (0/3)/2 - 15. Let u be (-4)/16 - w/12. What are the prime factors of 1*(2 - (u + -70))?
71
Suppose -2*g = -2*k + 2040, 0 = 5*k - 0*g + 5*g - 5120. What are the prime factors of k?
2, 7, 73
Let p be 104/(-39)*(-6)/4*4. Suppose -d = 3*r - 24, -r + 0*d + p = 3*d. List the prime factors of r/(28/16) - -1.
5
Suppose -5*m + 23 = -82. Suppose -735 = -m*x + 18*x. What are the prime factors of x?
5, 7
Let m(s) = -3*s**2 - 17*s - 10. Let x be m(-5). Suppose x = -c - 0 - 4. What are the prime factors of ((-123)/c)/((-29)/(-116))?
3, 41
Let p(y) = y**3 + 5*y**2 - 4*y - 2. Let z be p(-5). Let n(f) = 28*f - 1 + z*f + 57*f - 23*f. What are the prime factors of n(2)?
3, 53
Suppose 5365757 = 214*h - 6374486 + 3752479. What are the prime factors of h?
2, 3, 6221
Let u = -159 + 264. Suppose -u + 0 = -w. Suppose 0 = -7*f + 861 + w. What are the prime factors of f?
2, 3, 23
Let s(w) = w**2 - 14*w + 35. Let j be s(11). Suppose 3*h + 4*d = 1567, -2*d + 4 = j. What are the prime factors of h?
521
Let t(n) = -n**2 - n - 1. Let g be t(-1). Let m be 162/(-33) + 7/(-77). What are the prime factors of (102/15 + 6)/(g/m)?
2
Suppose 7*y + 2*n = 4*y + 48601, -y - 4*n = -16197. List the prime factors of y.
17, 953
Suppose -8*z + 151 - 143 = 0. What are the prime factors of (80/120)/(z/75)?
2, 5
Let l(c) = 29*c + 45. Suppose 0 = -z + 4*r + 8, 3*r = -z - r. List the prime factors of l(z).
7, 23
Let m(x) = -207*x + 3936. What are the prime factors of m(0)?
2, 3, 41
Let d = 75956 + -36548. List the prime factors of d.
2, 3, 821
Suppose -85995 = -100*b + 79*b. What are the prime factors of b?
3, 5, 7, 13
Suppose 25 = -5*d, 2095 = 5*h - 3*d - d. Suppose 40*z - 332 = 36*z - 4*k, -h = -5*z - 3*k. What are the prime factors of z?
83
Suppose -5*r = 521 - 1851. Suppose -399 = 11*b - 8*b. Let t = r + b. List the prime factors of t.
7, 19
Let t be (-4 + 64/12)*12/8. Let i be ((-3)/5)/(4/(-20)). Suppose -a + 68 = t*f, -a + 70 = 4*f - i*f. What are the prime factors of a?
2, 3
List the prime factors of 14 + 438552/264 - (-4)/(-22).
5, 67
Let z = -54 - -62. Let s(g) = -2 - 171*g**3 - 3*g - z*g**3 + 0. What are the prime factors of s(-1)?
2, 3, 5
Suppose -801640 - 1100360 = -24*r. List the prime factors of r.
2, 5, 317
Let d(p) = 2663*p**2 + 62*p + 72. List the prime factors of d(4).
2, 2683
Let d(c) = 2*c**3 - 5*c**2 + 5*c - 3. Let w be d(4). Let a be 52/w*10/4. List the prime factors of (-12)/(-12)*a*(-254)/(-4).
127
Suppose -8928 = -4*n - 14*n. Let k = -30 + n. What are the prime factors of k?
2, 233
Let g(r) = 12*r**2 + 4*r + 4. Let h be g(7). Suppose -17 = -4*l + 7. Suppose -l*q + 10*q - h = 0. List the prime factors of q.
5, 31
Let n = 21 + -17. Suppose 3*b - w - 1786 = 0, -10*w = -n*b - 9*w + 2383. What are the prime factors of b?
3, 199
Suppose 100 = 2*u + 608. Let p = 247 - u. What are the prime factors of p?
3, 167
Let x(h) = 18*h**2 + h - 300. List the prime factors of x(-14).
2, 1607
Suppose 19 = -3*s + 4. Let f be ((-68)/12 - s)/((-2)/(-339)). Let g = -46 - f. List the prime factors of g.
67
Suppose 5*m = -2*l + 16085, l - 13*m = -8*m + 8050. List the prime factors of 2/3 - (6 - l/15).
3, 59
Suppose 6*f - f - 17 = -2*n, -39 = -3*f + 6*n. Suppose h + 4*p = 1190, 0 = f*h + p + 3*p - 6030. What are the prime factors of h?
2, 5, 11
Let i be 0/(3 + -7 + 5). Suppose -5*r - 2*q + 71 + 3 = i, 4*q = -r + 4. What are the prime factors of 3070/r + (-9)/(-72)?
2, 3
Let o = -4345 + 19408. What are the prime factors of o?
3, 5021
Let i be -212*((-135)/(-20) + -5)*4. Let k = -1029 - i. List the prime factors of k.
5, 7, 13
Suppose 37 = -6*r - 29. Let a(z) = -40*z - 34. List the prime factors of a(r).
2, 7, 29
Let c = 33807 - -7530. List the prime factors of c.
3, 1531
Suppose 4*x = 5*v + 97, -4*v - 15 = 4*x - 67. Suppose x*y - 11*y = 6405. What are the prime factors of y?
3, 5, 61
Suppose -202*m = -4737718 - 1441940 + 97438. List the prime factors of m.
2, 5, 3011
Let o(r) be the first derivative of 2*r**3/3 - 21*r**2/2 + 16*r + 1. Let j be (-546)/(-5187) + 566/38. What are the prime factors of o(j)?
151
Suppose -11166 + 436 = -5*o. Suppose 4*j + 5*b - o = 0, -20 = -2*b - 16. List the prime factors of j.
2, 3, 89
Let m(v) be the first derivative of v**3/3 + 14*v**2 + 25*v + 14. List the prime factors of m(-29).
2, 3
Suppose 0 = -2*m - 2*t + 5074, -12*t = -4*m - 14*t + 10152. What are the prime factors of m?
2539
Let x = 386 + -381. Let i(g) = 128*g - 215. What are the prime factors of i(x)?
5, 17
Let h(t) = t**2 + 4*t - 32. Let f be h(-8). Suppose 2*s = 4*k - 546 - f, 0 = 5*s + 5. List the prime factors of k.
2, 17
Suppose f - 4*v - 297 = 157, v = 2*f - 922. Let b = f - 274. What are the prime factors of b?
2, 47
Let t = 8219 - 904. List the prime factors of t.
5, 7, 11, 19
Suppose 7*g - 719 = 527. Let b = g + -53. What are the prime factors of b?
5
List the prime factors of ((-8)/(-2))/(7 - 1 - 341616/56937).
2, 18979
Let n(t) = 35*t**2 + 17*t + 94. List the prime factors of n(13).
2, 5, 7, 89
Suppose -4*c + c = 357. Let w = c + 198. Suppose -1 - 2 = x, -w = -o - 5*x. List the prime factors of o.
2, 47
Let u(x) = x**3 + 11*x**2 - x + 13. Suppose 5*v + 34 = -21. Let f be u(v). Suppose p + f = 95. What are the prime factors of p?
71
Suppose -15 = -7*v + 4*v. Let q be 3/(-6)*-1*168. Suppose -v*l - q = -8*l. What are the prime factors of l?
2, 7
Let a be ((-12)/(-10))/((-26)/(-975)). Suppose a*v = 38*v + 5775. List the prime factors of v.
3, 5, 11
Suppose 95*z - 44367 = 72*z. Let f = -1073 + z. List the prime factors of f.
2, 107
Let j(f) = -f**3 - 3*f**2 - 4. Let t be j(-4). Suppose t*n - 6625 = -13*n. List the prime factors of n.
5, 53
Suppose -9553*y + 260096 = -9537*y. List the prime factors of y.
2, 127
Suppose -n + 4*f + 10 = 2*n, -3*f = -3*n + 6. Let k(r) = -r**2 + r - 4. Let d be k(4). List the prime factors of (3*n/3)/(2/d).
2
Let a = 1354 - 776. Let d = -237 + a. What are the prime factors of d?
11, 31
Let v = -15 - -19. Suppose -5*h + 11 = 3*i, h + 2*h - 5*i = 27. List the prime factors of (v - 178)*h